(w) be the second derivative of w**5/20 - 11*w**4/6 + w**3/2 - 24*w**2 - 1254*w. Determine g(22).
18
Let g(n) = n**2 + n + 2. Suppose 77 = 30*y - 19*y. Let w(t) = t**2 + 1. Let h(p) = y*w(p) - 6*g(p). Determine h(6).
-5
Let s be 2/7 - (-36)/21. Let d(m) = -7*m**3 - m**2 + 7*m + 16. Let p(o) = 13*o**3 + 2*o**2 - 12*o - 28. Let y(f) = 7*d(f) + 4*p(f). Calculate y(s).
30
Let w = -643 + 648. Let q(y) = 5*y**2 - 1. Let i(n) = n**2 + n - 1. Let g(p) = 4*i(p) - q(p). Calculate g(w).
-8
Let b(z) be the third derivative of -z**6/120 + 3*z**5/20 - 5*z**4/12 + 11*z**3/6 - z**2 - 419*z. What is b(6)?
59
Suppose 0 = 25*f - 40*f + 30. Let n(m) = m**2 - 11*m - 5. Let u(o) = -4*o**2 + 34*o + 14. Let s(k) = f*u(k) + 7*n(k). What is s(-6)?
11
Let t(l) = l**3 + 6*l**2 + 4*l + 15. Suppose -5*v = -4*p - 3475, 4*v - p - 1769 = 1000. Let n = -697 + v. Calculate t(n).
-9
Let j(g) = 2*g**2 + g - 1. Let u(o) = -2*o**2 + 6*o + 4. Suppose -19*h + 76*h = 114. Let x(z) = h*j(z) + u(z). Determine x(-3).
-4
Suppose 3*s - 7*s = -24. Suppose v - y + s = 3*v, -v = -2*y + 7. Let j(f) = -146 - 3*f + 292 - 146. Give j(v).
-3
Let w(s) = 17 - 4*s - 52 + 24 + 28. Calculate w(9).
-19
Let u = -31383 + 31386. Let x(o) = o**3 - o**2 - 6*o + 2. Calculate x(u).
2
Let p be -4 - -6 - (2 + -27). Suppose p - 6 = 3*y. Suppose -y*w + 12 = 5*w. Let b(o) = 7*o - 1. Determine b(w).
6
Let l(h) = -4*h**3 - 2*h**2 + 3*h - 63. Let s(n) = -3*n**3 - n**2 + 2*n - 62. Let w(j) = -2*l(j) + 3*s(j). Let a(u) be the first derivative of w(u). Give a(1).
-1
Let r = -16447 - -16452. Let g(s) = -2*s**2 + 10*s - 14. Calculate g(r).
-14
Let l(w) = -5*w**2 + 5*w + 4. Let i(p) = 17*p**2 - 15*p - 13. Let a(q) = q**2 - 14*q + 26. Let b be a(11). Let s(m) = b*l(m) - 2*i(m). Determine s(5).
-2
Let f(t) = 10*t - 5. Let c(z) = -19*z + 9. Let p(u) = -6*c(u) - 11*f(u). Suppose 3 = 3*x - 4*x, -4*o + 130 = -2*x. Suppose 48*r + 17 = -o. Determine p(r).
-3
Suppose 2*w - 4*w = w. Let h be (w/(-2))/(((-6)/(-1))/(-3)). Let t(n) = 7 + 4 + n**2 - 1 - n + 1. Give t(h).
11
Let c(o) = -o**3 - 7*o**2 - o - 8. Suppose 28*h - 5451 = 18069. Let u be (-315)/h + 45/(-8). Calculate c(u).
-38
Suppose -4*v = -2*r + 8, -7 = -4*r - 2*v + 9. Suppose -5 = -r*w + 3. Suppose w*g - 45 + 33 = 0. Let a(u) = -2*u + 2. Determine a(g).
-10
Let w be 3/((-12)/20) - -8. Let v(b) = 11*b + 0 + 43*b**2 - 10*b - 41*b**2 + 4. What is v(w)?
25
Let k(t) = 10*t**3 + 5*t**2 - 17*t + 11. Let r be k(1). Let l(o) = -37*o + 339. Determine l(r).
6
Let m(u) be the third derivative of -u**6/120 + 17*u**5/60 + 17*u**4/24 - 7*u**3/6 + 1593*u**2. Determine m(18).
-25
Let n(p) = -10 - 77*p - 73*p - 72*p - 69*p + 364*p - 74*p. Suppose -3*q + 8*q - 4*l + 26 = 0, 0 = 5*q - 5*l + 25. Give n(q).
-4
Let u(q) = -395 - 387 - q**3 + 8*q**2 + q + 804. Calculate u(7).
78
Let r(k) = 15*k + 1. Let n be (144/15)/4 - (-32)/(-80). Suppose 4*m - 16*x + 11*x = -28, 0 = -n*x + 8. Determine r(m).
-29
Let r(i) be the second derivative of -i**6/180 - i**5/120 + 10*i**4/3 - i**3/3 - 130*i. Let k(g) be the third derivative of r(g). Calculate k(-6).
23
Suppose 30 = -2*c + 8*c. Suppose 3*u + 4*s - 66 = 0, -c*s - 21 = -u - u. Suppose -5*h - 3 = -u. Let w(m) = m. Determine w(h).
3
Let r(l) = -17480*l + 8744*l + 8739*l - 57 + l**2 + 156. Determine r(0).
99
Let h = -19 - -12. Let c be h/((-70)/15)*2. Let w(v) = 4*v**2 + 0 + 1 + 5*v - v**c - v**2 - 2*v. Calculate w(4).
-3
Let b(l) = -3*l**2 + 3*l + 4. Let h be b(3). Let r be h/(-42) + (-10)/3 + -2. Let y(k) = -k + 6. Determine y(r).
11
Let q(a) be the first derivative of -2*a**2 - 2055. Let j = -4 + 1. Give q(j).
12
Suppose 2*i + 24 = -2*q, q - 9*i = 281 - 253. Let u(x) = x**3 + 5*x**2 - 17*x - 7. What is u(q)?
-63
Let x(u) = -u + 26. Let i(h) = 13*h - 122. Let s be i(10). Suppose 0 = -3*z - 4*z + s*z. Give x(z).
26
Let v(k) = 6*k - 5. Suppose -68 = 5*c - n, -2*n - 18 = -12*c + 13*c. Determine v(c).
-89
Let n = 891 - 890. Let s(b) = 12*b + 14. Let j(r) = 4*r + 5. Let m(y) = -11*j(y) + 4*s(y). Give m(n).
5
Let j(w) = -5*w**2 + 25*w + 2174. Let i(b) = 3*b**2 - 17*b - 1357. Let k(c) = -8*i(c) - 5*j(c). Let h be 8/1*6/(-4). Determine k(h).
-2
Let b(i) = -i**2 - 7*i - 11. Let r(z) be the first derivative of -z + 5. Let q(t) = -b(t) + 4*r(t). Let p be -12 - (-1)/((-7)/(-42)). What is q(p)?
1
Let m = 82 + -170. Let z = 129 + m. Suppose -16*x + z = 105. Let o(h) = -h**3 - 4*h**2 - h - 4. Give o(x).
0
Let i(u) = 22*u**3 - 68*u**2 + 46*u + 89. Let k(m) = 13*m**3 - 41*m**2 + 27*m + 53. Let l(y) = -10*i(y) + 17*k(y). What is l(17)?
-6
Suppose -g + 5 + 14 = -4*n, -g = -n - 7. Let o(z) = -14*z + 21. Determine o(g).
-21
Let b = 10 - 4. Suppose 14 = p + b*p. Let s(c) = -11*c**2 + 4*c**2 + 3*c**2 - p - 5*c**3 - 6*c + 4*c**3. Determine s(-4).
22
Let r be (2/(-2))/((-4)/64). Let m = r - 14. Let f(a) = 4 - a**m - a - 6 + 8*a**3 - 6*a**3. Determine f(2).
8
Let w(v) = 2*v - 2. Suppose -6*d = 5*y - 2*d + 810, 5*y + 810 = 2*d. Let l = -165 - y. Determine w(l).
-8
Let k(z) = 283*z**2 + 4 + 270*z**2 - z + z**3 - 542*z**2. Suppose u + 33 = -2*u. Give k(u).
15
Let f be 3*14 - (3 - -2 - 0). Let c(n) = 6*n + 33*n**2 - 71*n**2 + f*n**2 + n. Determine c(10).
-30
Let m(h) = -h**3 + 5*h**2 + 2*h - 6. Let l be m(5). Suppose -l*u = 2*v - 18, 2*u + 13 = 4*u + 5*v. Let s(y) = u + 7 + y + 2 - 17. Calculate s(4).
0
Let q(m) be the second derivative of 1/20*m**5 + 0 - 1/2*m**3 - 7/12*m**4 + 172*m + 4*m**2. What is q(7)?
-13
Let j(t) = -6*t - 5 - 5*t - 5*t - 5*t + 22*t. Calculate j(10).
5
Let s(x) = x**2 + 16*x - 22. Suppose 0 = -201*q - 1336 - 473. Calculate s(q).
-85
Let g(s) = 5*s + 10. Suppose 813 = 9*p + 219. Suppose -2*l - 4*l - p = 0. Let v(u) = u + 2. Let f(c) = l*v(c) + 2*g(c). What is f(-7)?
5
Let s be (4/(-6))/(((-64)/(-12))/(-16)). Let a(d) = -d**3 - d**2 - 2*d + 13. Give a(s).
-3
Suppose 0 = 2*k + 4, -34*k + 39*k = 5*b - 15. Let s(u) = u**3 - u**2 - 1. Calculate s(b).
-1
Let u be 0 - (2 + -1)*-10. Suppose -172 + 242 = u*m. Let i(f) = f - 2. What is i(m)?
5
Let n be ((-2)/(-4) + 0)*-4. Let z(i) = 8*i - 17. Let m(x) = -7*x + 10. Let s(l) = -5*m(l) - 3*z(l). What is s(n)?
-21
Let k(a) = 24*a - 499. Let y be k(21). Let u(b) be the third derivative of -b**5/60 + b**4/6 + b**3/3 - b**2. Give u(y).
-3
Let a be (-4)/14 + (-28)/(-98). Suppose a = 5*w + 4 - 24. Let h(o) = 2*o**2 + 10*o + 19. Let t(u) = -u**2 - 5*u - 10. Let b(c) = w*h(c) + 7*t(c). Give b(-4).
2
Let s(i) = -i**2 - 7*i - 14. Suppose 23*v - 66 - 49 = 0. Let l(f) = -2*f**2 - 15*f - 27. Let r(b) = v*s(b) - 3*l(b). Give r(-8).
-5
Let k = -10 - -15. Let i(f) = 11 - 19 - 4*f + 17. Let t(u) = -4*u + 10. Let n(l) = -4*i(l) + 3*t(l). What is n(k)?
14
Let x(j) be the second derivative of j**6/120 - j**5/20 - 5*j**4/24 + 2*j**3/3 + 9*j**2 - 110*j. Let s(q) be the first derivative of x(q). What is s(4)?
0
Let h(p) = 14*p + 0*p - p**3 - 61*p**2 + 37*p**2 - 18 + 36*p**2. Let n be (-18)/(-1) - (5 + 0). Give h(n).
-5
Let f be 33/15 - (-12)/(-60). Let k(d) = -d**3 + 0*d**3 - 124*d**2 + 43*d**2 + 39*d**2 + 37*d**f + 6*d. Let u(q) = 6*q**3 + q + 1. Let g be u(-1). Give k(g).
0
Let x(r) = 2*r**2 + 2*r - 3. Let d be 189/(-14)*(-56)/6. Let a = 127 - d. Let f be (-44)/16 + a/(-2 + -2). Calculate x(f).
9
Let d(c) be the third derivative of -1/60*c**5 - 94*c**2 + 0 + 2/3*c**3 + 0*c + 1/8*c**4. Let r = 8 - 5. Determine d(r).
4
Let n(x) be the second derivative of -x**4 + x**3/6 + x**2 - 534*x. Give n(-1).
-11
Let r(x) = x**3 - 10*x**2 + 10*x - 11. Let q be (-19)/((-684)/96)*3/4. Suppose 5 = n - q*d + 4, n + 3*d - 21 = 0. What is r(n)?
-2
Suppose 5*p + 2 = 2*a + 17, -4*p = -12. Suppose 22*v + 94 + 60 = a. Let h(o) = -o**3 - 7*o**2 + o. Determine h(v).
-7
Let n(z) = 17*z**2 + 38*z - 32. Let i(h) = -20*h**2 - 37*h + 33. Let y(s) = -5*i(s) - 6*n(s). Calculate y(-22).
5
Let s be (7 + 0 + -6)*5*-1. Let q(h) be the third derivative of -h**5/60 + h**4/24 + 5*h**3/6 + 10*h**2. Determine q(s).
-25
Let z be -3*(3/(-15))/(24/160). Let n(p) = 3*p - 14. Calculate n(z).
-2
Let p = 736 + -732. Suppose -5*z + 30 = -5*r, -4*z = -2*z + 2*r + 4. Suppose -q = -z*w - 6, 0 = -p*w - w. Let y(g) = g - 10. What is y(q)?
-4
Suppose 22 = -4*s + f - 118, 3*s - 4*f = -92. Let u be (s/8)/((-1)/(-2)). Let t(z) = z**3 + 9*z**2 + 6. Give t(u).
6
Suppose -r = -13 + 11. Let g(z) = -6*z - r*